{"id":1288,"date":"2018-11-23T12:42:57","date_gmt":"2018-11-23T12:42:57","guid":{"rendered":"https:\/\/the7.io\/g-business\/?page_id=1288"},"modified":"2023-02-02T13:04:02","modified_gmt":"2023-02-02T16:04:02","slug":"video-photography","status":"publish","type":"page","link":"https:\/\/svr.uy\/?page_id=1288","title":{"rendered":"Campo Militar No. 2"},"content":{"rendered":"\r\n<h2 class=\"wp-block-heading\">Campo Militar N\u00b02 \u00abZapar\u00e1\u00bb<\/h2>\r\n\r\n\r\n\r\n<p>El campo se encuentra ubicado en la 14\u00aa Secci\u00f3n Judicial y 10\u00aa Secci\u00f3n Policial del Dpto. de Tacuaremb\u00f3, con acceso por ruta 31 y por Cno. a Casa de Piedra , a 15 Km. y 20 Km. respectivamente de Tacuaremb\u00f3. La superficie es de 2.438 Has. con topograf\u00eda ondulada, con suelos profundos de areniscas de Tacuaremb\u00f3, con afloramientos rocosos tipo basalto superficial. Suelos con un \u00edndice CONEAT de 54 con alto riesgo de erosi\u00f3n, considerados de prioridad forestal. Cuenta con 21 potreros y 7 piquetes con aguadas naturales.<\/p>\r\n\r\n\r\n\r\n<div class=\"wp-block-spacer\" style=\"height: 20px;\" aria-hidden=\"true\">\u00a0<\/div>\r\n\r\n\r\n\r\n<figure class=\"wp-block-gallery has-nested-images columns-default is-cropped wp-block-gallery-1 is-layout-flex wp-block-gallery-is-layout-flex\">\r\n<figure class=\"wp-block-image size-large\"><img fetchpriority=\"high\" decoding=\"async\" data-id=\"1560\" class=\"wp-image-1560 aligncenter\" src=\"https:\/\/svr.uy\/wp-content\/uploads\/2023\/02\/plano_CM2.jpg\" alt=\"\" width=\"656\" height=\"763\" srcset=\"https:\/\/svr.uy\/wp-content\/uploads\/2023\/02\/plano_CM2.jpg 790w, https:\/\/svr.uy\/wp-content\/uploads\/2023\/02\/plano_CM2-258x300.jpg 258w, https:\/\/svr.uy\/wp-content\/uploads\/2023\/02\/plano_CM2-768x893.jpg 768w\" sizes=\"(max-width: 656px) 100vw, 656px\" \/><\/figure>\r\n<\/figure>\r\n\r\n\r\n\r\n<div class=\"wp-block-spacer\" style=\"height: 50px;\" aria-hidden=\"true\">\u00a0<\/div>\r\n\r\n\r\n\r\n<h2 class=\"wp-block-heading\">Actividades que se realizan<\/h2>\r\n\r\n\r\n\r\n<ul>\r\n<li>CAMPO DE MANIOBRAS<\/li>\r\n<li>PRODUCCI\u00d3N EQUINA.<\/li>\r\n<li>PRODUCCI\u00d3N FORESTAL.<\/li>\r\n<li>PRODUCCI\u00d3N BOVINA<\/li>\r\n<li>PRODUCCI\u00d3N OVINA<\/li>\r\n<\/ul>\r\n\r\n\r\n\r\n<div class=\"wp-block-spacer\" style=\"height: 20px;\" aria-hidden=\"true\">\u00a0<\/div>\r\n\r\n\r\n\r\n<div class=\"wp-block-columns has-2-columns is-layout-flex wp-container-core-columns-is-layout-9d6595d7 wp-block-columns-is-layout-flex\">\r\n<div class=\"wp-block-column is-layout-flow wp-block-column-is-layout-flow\">\r\n<figure class=\"wp-block-image size-full\"><img decoding=\"async\" width=\"489\" height=\"331\" class=\"wp-image-1565\" src=\"https:\/\/svr.uy\/wp-content\/uploads\/2023\/02\/5-1.jpg\" alt=\"\" srcset=\"https:\/\/svr.uy\/wp-content\/uploads\/2023\/02\/5-1.jpg 489w, https:\/\/svr.uy\/wp-content\/uploads\/2023\/02\/5-1-300x203.jpg 300w\" sizes=\"(max-width: 489px) 100vw, 489px\" \/><\/figure>\r\n\r\n\r\n\r\n<p style=\"font-size: 14px;\">\u00a0<\/p>\r\n<\/div>\r\n\r\n\r\n\r\n<div class=\"wp-block-column is-layout-flow wp-block-column-is-layout-flow\">\r\n<figure class=\"wp-block-image size-full is-resized\"><img decoding=\"async\" class=\"wp-image-1564\" src=\"https:\/\/svr.uy\/wp-content\/uploads\/2023\/02\/3-1.jpg\" alt=\"\" width=\"552\" height=\"322\" srcset=\"https:\/\/svr.uy\/wp-content\/uploads\/2023\/02\/3-1.jpg 324w, https:\/\/svr.uy\/wp-content\/uploads\/2023\/02\/3-1-300x175.jpg 300w\" sizes=\"(max-width: 552px) 100vw, 552px\" \/><\/figure>\r\n\r\n\r\n\r\n<p style=\"font-size: 14px;\">\u00a0<\/p>\r\n<\/div>\r\n<\/div>\r\n\r\n\r\n\r\n<h2>Tel\u00e9fono de contacto:<\/h2>\r\n\r\n\r\n\r\n<h3>+5982 4630 2107<\/h3>\r\n\r\n\r\n\r\n<div class=\"wp-block-spacer\" style=\"height: 20px;\" aria-hidden=\"true\">\u00a0<\/div>\r\n\r\n\r\n\r\n<div class=\"wp-block-buttons is-layout-flex wp-block-buttons-is-layout-flex\">\r\n<div class=\"wp-block-button alignleft is-style-default\"><a class=\"wp-block-button__link has-text-color has-background wp-element-button\" style=\"color: #ffffff; background-color: #1fa9e5;\" href=\"https:\/\/svr.uy\/?page_id=260\">D\u00e9jenos su consulta!<\/a><\/div>\r\n<\/div>\r\n","protected":false},"excerpt":{"rendered":"<p>Campo Militar N\u00b02 \u00abZapar\u00e1\u00bb El campo se encuentra ubicado en la 14\u00aa Secci\u00f3n Judicial y 10\u00aa Secci\u00f3n Policial del Dpto. de Tacuaremb\u00f3, con acceso por ruta 31 y por Cno. a Casa de Piedra , a 15 Km. y 20 Km. respectivamente de Tacuaremb\u00f3. La superficie es de 2.438 Has. con topograf\u00eda ondulada, con suelos&hellip;<\/p>\n","protected":false},"author":1,"featured_media":0,"parent":249,"menu_order":3,"comment_status":"closed","ping_status":"closed","template":"","meta":{"footnotes":""},"class_list":["post-1288","page","type-page","status-publish","hentry","description-off"],"_links":{"self":[{"href":"https:\/\/svr.uy\/index.php?rest_route=\/wp\/v2\/pages\/1288","targetHints":{"allow":["GET"]}}],"collection":[{"href":"https:\/\/svr.uy\/index.php?rest_route=\/wp\/v2\/pages"}],"about":[{"href":"https:\/\/svr.uy\/index.php?rest_route=\/wp\/v2\/types\/page"}],"author":[{"embeddable":true,"href":"https:\/\/svr.uy\/index.php?rest_route=\/wp\/v2\/users\/1"}],"replies":[{"embeddable":true,"href":"https:\/\/svr.uy\/index.php?rest_route=%2Fwp%2Fv2%2Fcomments&post=1288"}],"version-history":[{"count":9,"href":"https:\/\/svr.uy\/index.php?rest_route=\/wp\/v2\/pages\/1288\/revisions"}],"predecessor-version":[{"id":1572,"href":"https:\/\/svr.uy\/index.php?rest_route=\/wp\/v2\/pages\/1288\/revisions\/1572"}],"up":[{"embeddable":true,"href":"https:\/\/svr.uy\/index.php?rest_route=\/wp\/v2\/pages\/249"}],"wp:attachment":[{"href":"https:\/\/svr.uy\/index.php?rest_route=%2Fwp%2Fv2%2Fmedia&parent=1288"}],"curies":[{"name":"wp","href":"https:\/\/api.w.org\/{rel}","templated":true}]}}